atest common factor of 5656 and 28?
28
What is the highest common factor of 840 and 609?
21
What is the greatest common divisor of 12 and 25356?
12
What is the greatest common factor of 31 and 124?
31
Calculate the highest common divisor of 10 and 4040.
10
What is the highest common divisor of 19 and 323?
19
Calculate the greatest common divisor of 19 and 589.
19
What is the highest common factor of 920 and 138?
46
What is the greatest common factor of 57579 and 51?
51
Calculate the greatest common factor of 4280 and 4.
4
What is the highest common divisor of 120 and 1245?
15
What is the highest common divisor of 7208 and 1166?
106
What is the highest common factor of 48 and 208?
16
What is the greatest common divisor of 767 and 59?
59
Calculate the highest common divisor of 1521 and 2.
1
What is the greatest common divisor of 35875 and 70?
35
Calculate the greatest common divisor of 42 and 546.
42
Calculate the highest common divisor of 10 and 82.
2
Calculate the greatest common factor of 3456 and 27.
27
Calculate the greatest common divisor of 12 and 24.
12
Calculate the highest common factor of 72 and 108.
36
Calculate the highest common factor of 4 and 1396.
4
Calculate the greatest common factor of 70 and 110.
10
What is the highest common factor of 208 and 676?
52
Calculate the highest common divisor of 40 and 15.
5
What is the highest common divisor of 7 and 1939?
7
What is the highest common factor of 1965 and 15?
15
What is the highest common factor of 100 and 25250?
50
Calculate the greatest common divisor of 18 and 3270.
6
Calculate the greatest common divisor of 2675 and 25.
25
Calculate the greatest common divisor of 2824 and 8.
8
Calculate the highest common factor of 504 and 140.
28
What is the greatest common divisor of 188 and 658?
94
What is the greatest common divisor of 5625 and 9?
9
Calculate the greatest common divisor of 504 and 63.
63
Calculate the greatest common factor of 84 and 72.
12
What is the highest common divisor of 1148 and 82?
82
What is the highest common divisor of 1274 and 858?
26
What is the greatest common divisor of 56 and 896?
56
What is the greatest common divisor of 108 and 27?
27
Calculate the greatest common factor of 1386 and 24552.
198
Calculate the highest common divisor of 391 and 34.
17
Calculate the highest common factor of 44 and 20.
4
What is the highest common factor of 11123 and 49?
49
Calculate the highest common factor of 58517 and 359.
359
What is the greatest common factor of 276 and 8096?
92
What is the greatest common factor of 14 and 3206?
14
Calculate the highest common divisor of 82 and 738.
82
What is the greatest common factor of 11 and 836?
11
What is the highest common divisor of 45 and 225?
45
What is the greatest common factor of 222 and 37?
37
What is the highest common divisor of 1515 and 465?
15
What is the highest common factor of 1550 and 62?
62
Calculate the greatest common factor of 211 and 15403.
211
Calculate the greatest common divisor of 294 and 10682.
98
Calculate the greatest common divisor of 37 and 2479.
37
What is the highest common divisor of 2529 and 45?
9
Calculate the greatest common divisor of 833 and 196.
49
What is the highest common divisor of 339 and 791?
113
What is the highest common factor of 2688 and 63?
21
What is the highest common divisor of 18998 and 115?
23
Calculate the highest common divisor of 612 and 153.
153
Calculate the greatest common factor of 1177 and 88.
11
Calculate the greatest common factor of 140 and 350.
70
What is the greatest common divisor of 185 and 10?
5
What is the greatest common factor of 3248 and 224?
112
Calculate the greatest common divisor of 1196 and 1012.
92
Calculate the greatest common divisor of 72 and 27.
9
What is the greatest common divisor of 18941 and 62?
31
Calculate the greatest common divisor of 614 and 6.
2
Calculate the highest common factor of 360 and 1000.
40
What is the highest common divisor of 1680 and 525?
105
What is the highest common divisor of 159 and 795?
159
What is the highest common factor of 359 and 4?
1
What is the greatest common factor of 40860 and 227?
227
Calculate the highest common divisor of 103 and 2781.
103
Calculate the highest common divisor of 2049 and 6.
3
What is the greatest common divisor of 124 and 341?
31
What is the highest common factor of 518 and 148?
74
Calculate the highest common factor of 7920 and 1430.
110
What is the greatest common factor of 63 and 27?
9
What is the greatest common factor of 25 and 3225?
25
What is the highest common factor of 7695 and 243?
81
What is the highest common divisor of 6 and 564?
6
What is the highest common divisor of 2480 and 2604?
124
Calculate the highest common factor of 26790 and 95.
95
Calculate the greatest common factor of 100 and 2120.
20
Calculate the highest common divisor of 154 and 658.
14
Calculate the greatest common divisor of 50 and 1050.
50
What is the highest common divisor of 1241 and 1460?
73
Calculate the greatest common factor of 12 and 246.
6
Calculate the highest common divisor of 330 and 285.
15
What is the greatest common divisor of 721 and 206?
103
What is the greatest common factor of 13960 and 80?
40
What is the highest common divisor of 1024 and 32?
32
Calculate the greatest common divisor of 64 and 184.
8
Calculate the greatest common factor of 756 and 672.
84
What is the greatest common factor of 15666 and 28?
14
Calculate the highest common factor of 147 and 196.
49
What is the greatest common divisor of 11 and 352?
11
What is the highest common divisor of 256 and 384?
128
What is the greatest common divisor of 210 and 5?
5
Calculate the highest common factor of 25782 and 6.
6
Calculate the greatest common divisor of 61 and 3721.
61
Calculate the highest common factor of 1000 and 440.
40
Calculate the highest common divisor of 42 and 60816.
42
What is the greatest common factor of 145 and 116?
29
What is the highest common factor of 132 and 8580?
132
What is the highest common factor of 34 and 765?
17
What is the greatest common divisor of 272 and 16?
16
What is the highest common divisor of 48 and 1392?
48
What is the highest common factor of 77 and 28?
7
What is the highest common divisor of 12046 and 304?
38
What is the greatest common factor of 21 and 4123?
7
Calculate the highest common divisor of 12663 and 9.
9
What is the greatest common factor of 74 and 666?
74
What is the highest common factor of 17 and 2329?
17
Calculate the highest common divisor of 18 and 3078.
18
What is the highest common divisor of 110 and 66?
22
Calculate the highest common factor of 12 and 354.
6
What is the greatest common factor of 737 and 536?
67
Calculate the highest common factor of 289 and 51.
17
What is the greatest common factor of 455 and 280?
35
Calculate the greatest common factor of 37 and 4736.
37
Calculate the highest common divisor of 682 and 62.
62
What is the highest common factor of 84 and 2793?
21
What is the highest common factor of 58 and 18?
2
What is the highest common factor of 1424 and 880?
16
What is the greatest common factor of 1575 and 1925?
175
Calculate the highest common factor of 77 and 56.
7
What is the greatest common factor of 33 and 12?
3
Calculate the greatest common factor of 59 and 3.
1
Calculate the highest common divisor of 134 and 2.
2
Calculate the highest common factor of 95 and 152.
19
Calculate the highest common divisor of 735 and 10.
5
Calculate the highest common factor of 2862 and 234.
18
What is the greatest common divisor of 63 and 27?
9
Calculate the highest common factor of 6504 and 120.
24
What is the highest common divisor of 4587 and 264?
33
Calculate the greatest common factor of 124 and 12.
4
What is the highest common divisor of 203 and 725?
29
Calculate the greatest common divisor of 35 and 40.
5
Calculate the highest common factor of 9 and 2763.
9
Calculate the highest common divisor of 1197 and 76.
19
What is the highest common divisor of 7500 and 12?
12
Calculate the highest common factor of 77 and 913.
11
Calculate the greatest common divisor of 20 and 20.
20
Calculate the greatest common divisor of 8 and 242.
2
What is the greatest common factor of 165 and 2244?
33
Calculate the highest common factor of 14 and 938.
14
What is the highest 